-2))*-2. Let f(o) be the first derivative of -o**4/2 + o**2 - o - 9. Give f(y).
-1
Let u = -247 + 243. Let h(o) = -o**2 - 2*o + 1. Give h(u).
-7
Let u be ((-9)/6)/((-6)/32). Suppose 2*c + g + 10 = -0, u = -2*g. Let z(f) = -21*f**2 + f**3 - 2 + 38*f**2 - 5*f - 14*f**2. Calculate z(c).
13
Let b(a) = -3*a**2 + 6*a + 11. Let p be b(3). Let z(o) be the second derivative of -1/12*o**4 - o + 0 + o**3 + 1/2*o**p. What is z(6)?
1
Let a(m) = 3*m - 3. Suppose -10*l + 8*l = -44. Suppose -l = 12*z + 14. What is a(z)?
-12
Suppose 247*a = 84*a - 489. Let x(n) = -n**2 + 3*n - 3. Let k(j) = j**2 + 1. Let f(w) = -2*k(w) - x(w). Give f(a).
1
Let z(h) = h + 4. Let l = 27 + -21. Suppose 2*u - l = 10. Suppose -u = 5*y + 2. Calculate z(y).
2
Let a(y) be the first derivative of y**3/3 + 7*y**2/2 + 14*y - 87. Calculate a(-5).
4
Let c(g) be the second derivative of 0*g**2 + g + 5/6*g**3 + 0. Let f(a) = -2*a**2 - 10*a - 14. Let r be f(-3). Give c(r).
-10
Let z(v) = v - 2. Let a = -23 - 8. Let p = -24 - a. Calculate z(p).
5
Let g(d) be the first derivative of d**5/60 - d**4/24 - 31*d**3/3 + 38. Let u(h) be the third derivative of g(h). Calculate u(-2).
-5
Let c(o) = o**2 + 8*o + 3. Let q(p) = -6*p**2 - 41*p - 16. Let g(l) = 11*c(l) + 2*q(l). Determine g(5).
6
Let t(p) be the second derivative of p**3/6 + 2*p**2 + p. Suppose 14*k = -4*k + 54. Calculate t(k).
7
Let m = 50 + -50. Suppose b - 6*b - 30 = m. Let c(h) = 2*h + 8. What is c(b)?
-4
Let q(b) = 29*b**3 + b**2 + 2. Let j(o) = 44*o**3 + o**2 + 3. Let p(l) = -5*j(l) + 7*q(l). Let c be 2/(-13) - 22*(-15)/(-390). Give p(c).
18
Suppose -11*s + 14*s = 9. Let g be (-20)/(-6) - 1/3. Let c(y) = -y**2 + 4*y**2 - 4*y + g - 2. Calculate c(s).
16
Let s(p) be the second derivative of -p**5/20 - 11*p**4/12 + 2*p**3/3 + 5*p**2 - 39*p - 4. Calculate s(-11).
-34
Suppose 3*g - 4 = 2*q, 5*q = -g + 1 + 6. Let u(n) = 339*n - q - 336*n - 2*n**2 + 3*n**2. Give u(-3).
-1
Let q(y) = -16*y + 420. Let w be q(26). Let j(h) = 6*h - 23. Calculate j(w).
1
Let z = -17 - -20. Let i(x) = 1 + 4 - 4 - 3*x + z. Give i(-4).
16
Let v = -337 + 1013/3. Let l(t) be the first derivative of 1/4*t**4 - 2*t**2 - 3*t + 4 - v*t**3. What is l(4)?
13
Suppose -v = v + 28. Let i be -4 - v - 1 - 3. Let m(x) = -i*x + 26*x**2 - x + x**3 - 9 - 21*x**2. Determine m(-6).
-3
Let h(r) be the first derivative of r**4/4 - 3*r**3 - 9*r**2/2 - 10*r - 67. What is h(10)?
0
Let m(j) = -6*j + 1. Let u = 116 - 117. What is m(u)?
7
Let i(z) be the third derivative of z**4/24 + z**3 + 2*z**2. Let s be 4*((-1)/(-4) + 1). Let m = s - 11. Give i(m).
0
Let k(n) = -n**3 - 4*n**2 - 5 + 226*n - 447*n + 226*n. What is k(-6)?
37
Let y(d) be the third derivative of -d**4/24 - d**2. Let l(h) = -3. Suppose 3*u = 2 + 1. Let p(o) = u*l(o) + y(o). Give p(-4).
1
Let m = -3445 - -3444. Let s(y) = 7*y**3 + y**2 - 1 + 4*y + 2 - 2*y. Calculate s(m).
-7
Let t(z) = -z - 2. Let n be 3*15 + 0/2. Suppose 29*v - 80 - 123 = 0. Suppose 0 = -5*r - c + n - 14, 2*r = 5*c + v. What is t(r)?
-8
Suppose 5*w + m = -13, -2*w + m - 2 - 6 = 0. Let z be (-28)/(-6) + 8/(-12). Let k(h) = 5 + 0*h**2 - 3*h**2 - z + h**2 - 3*h. Calculate k(w).
-8
Let y(b) = b**3 + 3*b**2 + 3*b - 17. Let h(t) = 2*t**3 + 8*t**2 + 7*t - 35. Let m(w) = 2*h(w) - 5*y(w). What is m(0)?
15
Let j(p) = p**2 - 2*p - 3. Let u be j(-2). Let n(k) = -1. Let w(z) = -33*z + 69*z - 35*z - 4. Let i(a) = u*n(a) - w(a). Give i(1).
-2
Let o be ((-3)/2)/((-3)/6). Let q(t) = 5*t + 8. Let k(g) = -3*g - 5. Let r = 89 + -84. Let j(s) = r*q(s) + 8*k(s). What is j(o)?
3
Suppose 557*c = 529*c - 280. Let u(m) be the first derivative of -m**2/2 - 15*m - 2. What is u(c)?
-5
Let n(p) = -3*p**2 + 2*p. Suppose -2*x = -7*x - 60. Let i be (-1)/(2/x*3). Determine n(i).
-8
Let y(h) = h**3 + 2*h**2 - 3*h + 4. Let u be ((-12)/8)/((-3)/(-6)). Determine y(u).
4
Let k(s) = 2*s - 2. Let h(f) = -12*f - 7. Let p be h(4). Let c = 50 + p. Calculate k(c).
-12
Let l(w) = -8*w**2 - 2*w - 27. Let p(z) = z**2 + 9. Let s(i) = l(i) + 3*p(i). Calculate s(2).
-24
Let b(d) = 2*d - 31. Let o be b(14). Let a(y) = 6*y - 3. What is a(o)?
-21
Let v(c) = -3*c - 1. Let p(j) = j + 3. Let n be p(2). Suppose -f + 4 + 5 = -n*l, 5*l + 3*f + 13 = 0. Let g = l - 1. Calculate v(g).
8
Let u = -39 - -96. Let z = u + -66. Let l(g) = -g**2 - 10*g - 4. What is l(z)?
5
Suppose -5*i - 5*x - 21 = -6*x, 3*x = -i - 17. Let t(b) = -2*b - 15. Give t(i).
-5
Suppose -9 = j - 11. Let s be (1 - (2 + -2))*j. Let f(i) = -i**3 + 3*i**2 - 3*i + 3. Calculate f(s).
1
Let o(a) = a**3 - 3*a**2 + a - 1. Let m(n) = -2*n**3 + 11*n**2 - 3*n. Let r(x) = m(x) + 3*o(x). Determine r(2).
13
Let s(t) = 2*t - 9. Let c be (-10)/((2/(-3))/1). Suppose -24 = 11*w - c*w. What is s(w)?
3
Let t(c) = -76*c**3 + 3*c**2 + 30*c**3 + 47*c**3 - 4*c. What is t(-5)?
-30
Let f(i) = -i + 2*i + 2*i - 7 - 5*i. Determine f(6).
-19
Let g(m) be the first derivative of 1/8*m**4 + 0*m - m**2 - 1/3*m**3 + 5. Let v(c) be the second derivative of g(c). Give v(2).
4
Let p(g) = g + 7. Let l(y) = -3*y - 21. Let w(v) = 4*l(v) + 11*p(v). Let c be (11/(33/(-144)))/1. Let i be (-12)/c - 34/8. Give w(i).
-3
Let v(d) = -11*d**2 + 16*d + 3. Let o(n) = 7*n**2 - 11*n - 2. Let j = 4 - -1. Let p(s) = j*v(s) + 8*o(s). Let h = 14126 + -14120. What is p(h)?
-13
Suppose 16 = 2*h - 10. Suppose -h = k - 8. Let u(b) = -b**2 - 3*b + 4. What is u(k)?
-6
Let l(b) = -b**3 + 21*b**2 - 9 - 34*b**2 + 13*b**2. Determine l(0).
-9
Suppose -2*q = -6*q + 68. Let c(l) = -6*l + 2. Let m(w) = -2*w + 1. Let a(x) = q*m(x) - 6*c(x). Let j = -6 + 1. Determine a(j).
-5
Let v(h) = 6*h + 4. Let a(g) = -g**3 + 15*g**2 + 3*g - 48. Let t be a(15). Calculate v(t).
-14
Let b(n) = n**2 + 5*n + 3. Let g(s) = s**2 + 7*s. Let v be g(-7). Suppose -3*a = 4*j - 1, -4*a + 5*j - 9 = -v. Let l = -5 - a. What is b(l)?
-1
Let x be (-56)/(-12) - 2/3. Let w = 6 - x. Let f(i) = -i - 3 - w*i + i + 8. Give f(4).
-3
Let t(q) = q**3 - 5*q**2 - 6*q - 7. Suppose -f - 9 = 4*n, f - 2*n = -0*n + 9. Suppose -z - 4*o = -10, 3*z - 4 = -f*o + 17. What is t(z)?
-7
Let n(h) be the second derivative of h**4/12 - 5*h**3/2 + 10*h**2 + 73*h - 2. Give n(14).
6
Let o(y) = -17*y - 5. Let b(d) = 9*d + 3. Let a(i) = 11*b(i) + 6*o(i). Determine a(5).
-12
Let m = 30 - 25. Let y = -2 - -4. Let z(g) = 3*g**3 - 15*g**2 + 7*g + 21. Let j(s) = -s**3 + 5*s**2 - 2*s - 7. Let c(b) = y*z(b) + 7*j(b). Determine c(m).
-7
Let m(o) = o**2 - 13*o. Suppose 3*z + 5*v = 47, -78*v + 7 = 3*z - 83*v. Calculate m(z).
-36
Let z(o) = -2*o**2 - 18*o + 7. Let y = 1008 + -1017. Give z(y).
7
Let d(r) be the third derivative of -r**6/120 - r**5/60 + r**4/24 + 2*r**3 + r**2. Let q be (-4)/18 + (-4)/(-18). Suppose q = 8*t - 4*t. Calculate d(t).
12
Let q be 12/(-9)*(-3)/2. Let y(a) = 2*a - 1. Let o(r) = -1 + 15*r + 2 - 25*r + 11*r. Let s(m) = q*y(m) - 2*o(m). Calculate s(3).
2
Let f(n) = n + 14. Let k be -10 + -9 + 8 + 0/(-1). Calculate f(k).
3
Suppose 288 = -24*z - 24*z. Let y be 15/(-2)*10/(-15). Let g(w) = -w**3 - 3*w**2 - 4 + y*w - 2*w**2 - 3. Determine g(z).
-1
Suppose 0 - 20 = 5*v. Let w(i) be the first derivative of -1/3*i**3 + i + 0*i**2 - 6. Give w(v).
-15
Let q(y) = 9*y + 22. Let j be q(-2). Let k(x) = -x**3 + 5*x**2 - 3*x + 5. Calculate k(j).
9
Let w(q) = q + 1. Let m(g) = 24*g + 8. Let s(z) = m(z) - 12*w(z). Give s(-4).
-52
Let w be (40/(-25))/(2/(-65)). Suppose 0 = 10*n - 8*n - w. Suppose 3*b = b + 4, 4*r = -3*b + n. Let u(a) = a**3 - 4*a**2 - 7*a + 5. Calculate u(r).
-5
Let b(l) = l**3 - 3*l**2 - 2. Let g be b(3). Let s(m) be the third derivative of -m**6/120 - m**5/60 - m**4/12 - m**3/3 + 1705*m**2. Determine s(g).
6
Let b(l) = -4*l**2 - 15*l + 10. Let p(j) = -28 + 62 - j**2 - 2*j**2 - 14*j - 24. Let a(z) = -4*b(z) + 5*p(z). Give a(8).
-6
Let t(r) = -5*r + 1. Let u(m) = 9*m - 1. Let z(a) = -5*t(a) - 3*u(a). What is z(7)?
-16
Let p(t) = -t**3 - 2*t**2 + 4*t. Let a be p(-3). Let n(w) = w**3 + 4*w**2 + 2*w + 3. Let s be n(a). Let h(c) = -s - 10 - c + 9. Give h(-6).
-1
Let g be ((-145)/145)/((-2)/8). Let j(w) = -11*w + 6. Calculate j(g).
-38
Let n be (4 + 1)*1*(-2 - 1). Let j(i) = 2*i + 16. What is j(n)?
-14
Let v(w) = -w**3 + 31*w**2 - w + 43. Let u be v(31). Let j(k) = k**3 - 12*k**2 + k - 17. What is j(u)?
-5
Suppose 4783 = 38*y + 4517. Let n(r) = -3*r**2 - 20*r + 17. Let z(q) = q